{"id":1908,"date":"2024-03-11T12:00:26","date_gmt":"2024-03-11T12:00:26","guid":{"rendered":"http:\/\/demo2.steelthemes.com\/cargohub\/?page_id=1908"},"modified":"2024-05-06T22:01:02","modified_gmt":"2024-05-06T22:01:02","slug":"yuk-pet","status":"publish","type":"page","link":"https:\/\/yukpet.net\/","title":{"rendered":"Y\u00dcK PET \u0130n\u015faat"},"content":{"rendered":"<div class=\"wpb-content-wrapper\"><p>[vc_row full_width=&#8221;stretch_row_content_no_spaces&#8221;][vc_column][rev_slider_vc alias=&#8221;slider_3&#8243;][\/vc_column][\/vc_row][vc_row css=&#8221;.vc_custom_1501839167877{padding-top: 80px !important;padding-bottom: 45px !important;}&#8221;][vc_column css_animation=&#8221;fadeInLeft&#8221;]<div class=\"fh-service  style-flat\">\n                <div class=\"service-list row\"><div class=\"item-service  col-xs-12 col-sm-6 col-md-4\">\n\t\t\t\t\t<div class=\"service-content\">\n\t\t\t\t\t\t<div class=\"entry-thumbnail\">\n\t\t\t\t\t\t\t<a class=\"link\" href=\"https:\/\/yukpet.net\/index.php\/service\/kazi-yol-ve-temel-hafriyati\/\"><\/a>\n\t\t\t\t\t\t\t<a href=\"https:\/\/yukpet.net\/index.php\/service\/kazi-yol-ve-temel-hafriyati\/\"><span class=\"icon\"><i class=\"fa fa-long-arrow-right\" aria-hidden=\"true\"><\/i><\/span><\/a>\n\t\t\t\t\t\t\t<img loading=\"lazy\" decoding=\"async\" width=\"540\" height=\"360\" src=\"https:\/\/yukpet.net\/wp-content\/uploads\/2024\/12\/4-540x360.jpeg\" class=\"attachment-cargohub-blog-grid-thumb-3 size-cargohub-blog-grid-thumb-3 wp-post-image\" alt=\"\" \/>\n\t\t\t\t\t\t<\/div>\n\t\t\t\t\t\t<div class=\"summary\">\n\t\t\t\t\t\t\t<h2 class=\"entry-title\"><a href=\"https:\/\/yukpet.net\/index.php\/service\/kazi-yol-ve-temel-hafriyati\/\">Kaz\u0131, Yol ve Temel Hafriyat\u0131<\/a><\/h2>\n\t\t\t\t\t\t\t<p>Y\u00fckpet, yol yap\u0131m\u0131 ve bak\u0131m\u0131nda uzmanla\u015fm\u0131\u015f bir firma olarak, asfalt serme ve s\u0131k\u0131\u015ft\u0131rma hizmeti sunmaktad\u0131r. Bu hizmet, yollar\u0131n in\u015fas\u0131, yenilenmesi ve bak\u0131m\u0131 s\u00fcrecinde kritik bir rol oynamaktad\u0131r.<\/p>\n\t\t\t\t\t\t\t\n\t\t\t\t\t\t<\/div>\n\t\t\t\t\t<\/div>\n\t\t\t\t<\/div><div class=\"item-service  col-xs-12 col-sm-6 col-md-4\">\n\t\t\t\t\t<div class=\"service-content\">\n\t\t\t\t\t\t<div class=\"entry-thumbnail\">\n\t\t\t\t\t\t\t<a class=\"link\" href=\"https:\/\/yukpet.net\/index.php\/service\/hafriyat-ve-nakliyat\/\"><\/a>\n\t\t\t\t\t\t\t<a href=\"https:\/\/yukpet.net\/index.php\/service\/hafriyat-ve-nakliyat\/\"><span class=\"icon\"><i class=\"fa fa-long-arrow-right\" aria-hidden=\"true\"><\/i><\/span><\/a>\n\t\t\t\t\t\t\t<img loading=\"lazy\" decoding=\"async\" width=\"540\" height=\"360\" src=\"https:\/\/yukpet.net\/wp-content\/uploads\/2024\/12\/5-1-540x360.jpeg\" class=\"attachment-cargohub-blog-grid-thumb-3 size-cargohub-blog-grid-thumb-3 wp-post-image\" alt=\"\" \/>\n\t\t\t\t\t\t<\/div>\n\t\t\t\t\t\t<div class=\"summary\">\n\t\t\t\t\t\t\t<h2 class=\"entry-title\"><a href=\"https:\/\/yukpet.net\/index.php\/service\/hafriyat-ve-nakliyat\/\">Hafriyat ve Nakliyat<\/a><\/h2>\n\t\t\t\t\t\t\t<p>Y\u00fckpet, yol yap\u0131m\u0131 ve bak\u0131m\u0131nda uzmanla\u015fm\u0131\u015f bir firma olarak, asfalt serme ve s\u0131k\u0131\u015ft\u0131rma hizmeti sunmaktad\u0131r. Bu hizmet, yollar\u0131n in\u015fas\u0131, yenilenmesi ve bak\u0131m\u0131 s\u00fcrecinde kritik bir rol oynamaktad\u0131r.<\/p>\n\t\t\t\t\t\t\t\n\t\t\t\t\t\t<\/div>\n\t\t\t\t\t<\/div>\n\t\t\t\t<\/div><div class=\"item-service  col-xs-12 col-sm-6 col-md-4\">\n\t\t\t\t\t<div class=\"service-content\">\n\t\t\t\t\t\t<div class=\"entry-thumbnail\">\n\t\t\t\t\t\t\t<a class=\"link\" href=\"https:\/\/yukpet.net\/index.php\/service\/kanal-acma-hizmetleri\/\"><\/a>\n\t\t\t\t\t\t\t<a href=\"https:\/\/yukpet.net\/index.php\/service\/kanal-acma-hizmetleri\/\"><span class=\"icon\"><i class=\"fa fa-long-arrow-right\" aria-hidden=\"true\"><\/i><\/span><\/a>\n\t\t\t\t\t\t\t<img loading=\"lazy\" decoding=\"async\" width=\"540\" height=\"360\" src=\"https:\/\/yukpet.net\/wp-content\/uploads\/2024\/03\/6204bc2a-3864-45f0-ab6a-de937bd76321-540x360.jpg\" class=\"attachment-cargohub-blog-grid-thumb-3 size-cargohub-blog-grid-thumb-3 wp-post-image\" alt=\"\" \/>\n\t\t\t\t\t\t<\/div>\n\t\t\t\t\t\t<div class=\"summary\">\n\t\t\t\t\t\t\t<h2 class=\"entry-title\"><a href=\"https:\/\/yukpet.net\/index.php\/service\/kanal-acma-hizmetleri\/\">Kanal A\u00e7ma Hizmetleri<\/a><\/h2>\n\t\t\t\t\t\t\t<p>Y\u00fckpet, yol yap\u0131m\u0131 ve bak\u0131m\u0131nda uzmanla\u015fm\u0131\u015f bir firma olarak, asfalt serme ve s\u0131k\u0131\u015ft\u0131rma hizmeti sunmaktad\u0131r. Bu hizmet, yollar\u0131n in\u015fas\u0131, yenilenmesi ve bak\u0131m\u0131 s\u00fcrecinde kritik bir rol oynamaktad\u0131r.<\/p>\n\t\t\t\t\t\t\t\n\t\t\t\t\t\t<\/div>\n\t\t\t\t\t<\/div>\n\t\t\t\t<\/div><\/div>\n            <\/div>[\/vc_column][\/vc_row][vc_row css=&#8221;.vc_custom_1580355799657{padding-top: 70px !important;padding-bottom: 50px !important;background-image: url(http:\/\/demo2.steelthemes.com\/cargohub\/wp-content\/uploads\/sites\/7\/2020\/01\/hp3-bg-service.jpg?id=2245) !important;}&#8221;][vc_column][vc_row_inner css=&#8221;.vc_custom_1501919614730{padding-bottom: 50px !important;}&#8221;][vc_column_inner offset=&#8221;vc_col-lg-4 vc_col-md-4&#8243;]<div class=\"fh-section-title clearfix  text-left version-light\"><h2 style=\"font-size: 36px\">H\u0130ZMETLER\u0130M\u0130Z<\/h2><\/div>[\/vc_column_inner][vc_column_inner css=&#8221;.vc_custom_1709425146513{border-left-width: 2px !important;padding-left: 25px !important;border-left-color: #1e73be !important;border-left-style: solid !important;}&#8221; offset=&#8221;vc_col-lg-8 vc_col-md-8&#8243;][vc_column_text]<\/p>\n<div style=\"color: #fff; font-size: 20px; font-weight: 300;\">Y\u00fckpet, geni\u015f hizmet yelpazesiyle in\u015faat, asfalt, nakliyat, taahh\u00fct ve ticaret alanlar\u0131nda m\u00fc\u015fterilerine kaliteli \u00e7\u00f6z\u00fcmler sunan bir kurulu\u015ftur. M\u00fc\u015fteri memnuniyetini her zaman \u00f6ncelik olarak kabul eden Y\u00fckpet, sekt\u00f6rde uzun y\u0131llara dayanan deneyimi ve uzman kadrosuyla \u00f6ne \u00e7\u0131kmaktad\u0131r.<\/div>\n<p>[\/vc_column_text][\/vc_column_inner][\/vc_row_inner][vc_row_inner][vc_column_inner offset=&#8221;vc_col-lg-4 vc_col-md-6&#8243;]<div class=\"fh-service-box icon-type-theme_icon style-1  \"><span class=\"fh-icon\"><i class=\"fa fa-chevron-right\"><\/i><\/span><h4 class=\"service-title\"><a href=\"https:\/\/yukpet.net\/index.php\/service\/sathi-kaplama\/\" class=\"link\" >Sathi Kaplama<\/a><\/h4><div class=\"desc\"><p>Sathi kaplama hizmetini, yol y\u00fczeylerinin d\u00fczg\u00fcnle\u015ftirilmesi ve korunmas\u0131 i\u00e7in, s\u00fcrd\u00fcr\u00fclebilir ve \u00e7evre dostu yakla\u015f\u0131mla y\u00fcksek kaliteli hizmet sunar\u0131z.<\/p>\n<\/div><\/div>[\/vc_column_inner][vc_column_inner offset=&#8221;vc_col-lg-4 vc_col-md-6&#8243;]<div class=\"fh-service-box icon-type-theme_icon style-1  \"><span class=\"fh-icon\"><i class=\"fa fa-chevron-right\"><\/i><\/span><h4 class=\"service-title\"><a href=\"https:\/\/yukpet.net\/index.php\/service\/asfalt-plenti\/\" class=\"link\" >Asfalt Plenti<\/a><\/h4><div class=\"desc\"><p>Kendi b\u00fcnyemizde bulunan modern asfalt plenti tesislerimizde y\u00fcksek kaliteli asfalt\u0131n \u00fcretimini titizlikle ger\u00e7ekle\u015ftiririz.<\/p>\n<\/div><\/div>[\/vc_column_inner][vc_column_inner offset=&#8221;vc_col-lg-4 vc_col-md-6&#8243;]<div class=\"fh-service-box icon-type-theme_icon style-1  \"><span class=\"fh-icon\"><i class=\"fa fa-chevron-right\"><\/i><\/span><h4 class=\"service-title\"><a href=\"https:\/\/yukpet.net\/index.php\/service\/parke-doseme\/\" class=\"link\" >Beton Kilit Parke D\u00f6\u015feme<\/a><\/h4><div class=\"desc\"><p style=\"text-align: left;\">Uzman ekibimiz ve modern ekipmanlar\u0131m\u0131zla, beton kilit parke d\u00f6\u015feme hizmetini, \u00e7e\u015fitli renk ve desen se\u00e7enekleri ile sunar\u0131z.<\/p>\n<\/div><\/div>[\/vc_column_inner][\/vc_row_inner][\/vc_column][\/vc_row][vc_row content_placement=&#8221;middle&#8221; el_class=&#8221;main-background-color&#8221; css=&#8221;.vc_custom_1502346477829{padding-top: 40px !important;padding-bottom: 40px !important;}&#8221;][vc_column offset=&#8221;vc_col-lg-10 vc_col-md-8&#8243;][vc_column_text css_animation=&#8221;fadeIn&#8221;]<\/p>\n<h3 style=\"color: white;\">2000 Y\u0131l\u0131nda Ba\u015flayan Hikayemiz Ba\u015far\u0131larla Devam Ediyor!<\/h3>\n<p>[\/vc_column_text][\/vc_column][vc_column css_animation=&#8221;fadeIn&#8221; offset=&#8221;vc_col-lg-2 vc_col-md-4&#8243;]<a href=\"https:\/\/yukpet.net\/index.php\/hakkimizda\/\" title=\"Hakk\u0131m\u0131zda\" class=\"fh-button button button-type-bordered align-right icon-type-none  button-color-white\">Hakk\u0131m\u0131zda<\/a>[\/vc_column][\/vc_row][vc_row 1=&#8221;110px&#8221; 2=&#8221;!important;padding-bottom:&#8221; 3=&#8221;110px&#8221; 4=&#8221;&#8221; enable_parallax=&#8221;yes&#8221; css=&#8221;.vc_custom_1709333367728{background-image: url(&#8216;https:\/\/yukpet.net\/wp-content\/uploads\/2024\/03\/count-bg-3.png&#8217;); background-position: center !important;background-repeat: no-repeat !important;background-size: cover !important;}&#8221;][vc_column][vc_column_text css_animation=&#8221;fadeIn&#8221;]<\/p>\n<h1 class=\"count-title\" style=\"color: #ffffff; font-size: 48px; font-weight: 600; margin: 0px; padding: 0px 65px; line-height: 1.3; text-align: center;\"><strong>G\u00fcvenle \u0130n\u015fa Ediyoruz<\/strong><\/h1>\n<p>[\/vc_column_text][vc_empty_space height=&#8221;40px&#8221;][vc_row_inner][vc_column_inner offset=&#8221;vc_col-lg-3 vc_col-md-6&#8243;]<div class=\"fh-counter icon-type-theme_icon icon-top \">\n\t\t\t\t<span class=\"fh-icon\"><i class=\"fa fa-briefcase\"><\/i><\/span>\n\t            <div class=\"counter\">\n\t                <div class=\"value\">72<\/div>\n\t                <h4>Proje Teslimi<\/h4>\n\t            <\/div>\n\t        <\/div>[\/vc_column_inner][vc_column_inner offset=&#8221;vc_col-lg-3 vc_col-md-6&#8243;]<div class=\"fh-counter icon-type-theme_icon icon-top \">\n\t\t\t\t<span class=\"fh-icon\"><i class=\"fa fa-truck\"><\/i><\/span>\n\t            <div class=\"counter\">\n\t                <div class=\"value\">24<\/div>\n\t                <h4>Ara\u00e7 Filo<\/h4>\n\t            <\/div>\n\t        <\/div>[\/vc_column_inner][vc_column_inner offset=&#8221;vc_col-lg-3 vc_col-md-6&#8243;]<div class=\"fh-counter icon-type-theme_icon icon-top \">\n\t\t\t\t<span class=\"fh-icon\"><i class=\"fa fa-group\"><\/i><\/span>\n\t            <div class=\"counter\">\n\t                <div class=\"value\">268<\/div>\n\t                <h4>\u00c7al\u0131\u015fan Personel<\/h4>\n\t            <\/div>\n\t        <\/div>[\/vc_column_inner][vc_column_inner offset=&#8221;vc_col-lg-3 vc_col-md-6&#8243;]<div class=\"fh-counter icon-type-theme_icon icon-top \">\n\t\t\t\t<span class=\"fh-icon\"><i class=\"fa fa-thumbs-up\"><\/i><\/span>\n\t            <div class=\"counter\">\n\t                <div class=\"value\">359<\/div>\n\t                <h4>Mutlu M\u00fc\u015fteri<\/h4>\n\t            <\/div>\n\t        <\/div>[\/vc_column_inner][\/vc_row_inner][\/vc_column][\/vc_row][vc_row full_width=&#8221;stretch_row_content_no_spaces&#8221; css=&#8221;.vc_custom_1709424032879{padding-top: 40px !important;padding-bottom: 0px !important;}&#8221;][vc_column][vc_column_text css_animation=&#8221;none&#8221;]<\/p>\n<h1 class=\"count-title\" style=\"color: #000000; font-size: 30px; font-weight: 600; margin: 0px; padding: 0px 65px; line-height: 1.3; text-align: center;\"><strong>Referanslar\u0131m\u0131z<\/strong><\/h1>\n<p>[\/vc_column_text][vc_images_carousel images=&#8221;2501,2496,2499,2497,2656,2498,2492,2494,2495,2643,2644,2645,2646,2647,2648,2649,2650&#8243; img_size=&#8221;&#8221; speed=&#8221;2500&#8243; slides_per_view=&#8221;4&#8243; autoplay=&#8221;yes&#8221; hide_pagination_control=&#8221;yes&#8221; wrap=&#8221;yes&#8221; css=&#8221;.vc_custom_1712408671039{padding-top: 40px !important;padding-bottom: 40px !important;}&#8221;][\/vc_column][\/vc_row]<\/p>\n<\/div>","protected":false},"excerpt":{"rendered":"<p>[vc_row full_width=&#8221;stretch_row_content_no_spaces&#8221;][vc_column][rev_slider_vc alias=&#8221;slider_3&#8243;][\/vc_column][\/vc_row][vc_row css=&#8221;.vc_custom_1501839167877{padding-top: 80px !important;padding-bottom: 45px !important;}&#8221;][vc_column css_animation=&#8221;fadeInLeft&#8221;][\/vc_column][\/vc_row][vc_row css=&#8221;.vc_custom_1580355799657{padding-top: 70px !important;padding-bottom: 50px !important;background-image: url(http:\/\/demo2.steelthemes.com\/cargohub\/wp-content\/uploads\/sites\/7\/2020\/01\/hp3-bg-service.jpg?id=2245) !important;}&#8221;][vc_column][vc_row_inner css=&#8221;.vc_custom_1501919614730{padding-bottom: 50px !important;}&#8221;][vc_column_inner offset=&#8221;vc_col-lg-4&hellip;<\/p>\n","protected":false},"author":1,"featured_media":0,"parent":0,"menu_order":0,"comment_status":"closed","ping_status":"closed","template":"template-homepage.php","meta":{"om_disable_all_campaigns":false,"_monsterinsights_skip_tracking":false,"_monsterinsights_sitenote_active":false,"_monsterinsights_sitenote_note":"","_monsterinsights_sitenote_category":0,"_uf_show_specific_survey":0,"_uf_disable_surveys":false,"_joinchat":[],"footnotes":""},"class_list":["post-1908","page","type-page","status-publish","hentry",""],"yoast_head":"<!-- This site is optimized with the Yoast SEO plugin v25.3 - https:\/\/yoast.com\/wordpress\/plugins\/seo\/ -->\n<title>Y\u00dcK PET \u0130n\u015faat - Y\u00fckpet<\/title>\n<meta name=\"description\" content=\"Y\u00fck pet in\u015faat asfalt \u015firketi bit\u00fcm nakli , asfalt serme, fuel-oil nakli, yol yap\u0131m, bak\u0131m onar\u0131m alanlar\u0131nda hizmet veren ba\u015far\u0131l\u0131 firmad\u0131r.\" \/>\n<meta name=\"robots\" content=\"index, follow, max-snippet:-1, max-image-preview:large, max-video-preview:-1\" \/>\n<link rel=\"canonical\" href=\"https:\/\/yukpet.net\/\" \/>\n<meta property=\"og:locale\" content=\"tr_TR\" \/>\n<meta property=\"og:type\" content=\"article\" \/>\n<meta property=\"og:title\" content=\"Y\u00dcK PET \u0130n\u015faat - Y\u00fckpet\" \/>\n<meta property=\"og:description\" content=\"Y\u00fck pet in\u015faat asfalt \u015firketi bit\u00fcm nakli , asfalt serme, fuel-oil nakli, yol yap\u0131m, bak\u0131m onar\u0131m alanlar\u0131nda hizmet veren ba\u015far\u0131l\u0131 firmad\u0131r.\" \/>\n<meta property=\"og:url\" content=\"https:\/\/yukpet.net\/\" \/>\n<meta property=\"og:site_name\" content=\"Y\u00fckpet\" \/>\n<meta property=\"article:modified_time\" content=\"2024-05-06T22:01:02+00:00\" \/>\n<meta name=\"twitter:card\" content=\"summary_large_image\" \/>\n<meta name=\"twitter:label1\" content=\"Tahmini okuma s\u00fcresi\" \/>\n\t<meta name=\"twitter:data1\" content=\"2 dakika\" \/>\n<script type=\"application\/ld+json\" class=\"yoast-schema-graph\">{\"@context\":\"https:\/\/schema.org\",\"@graph\":[{\"@type\":\"WebPage\",\"@id\":\"https:\/\/yukpet.net\/\",\"url\":\"https:\/\/yukpet.net\/\",\"name\":\"Y\u00dcK PET \u0130n\u015faat - Y\u00fckpet\",\"isPartOf\":{\"@id\":\"https:\/\/yukpet.net\/#website\"},\"datePublished\":\"2024-03-11T12:00:26+00:00\",\"dateModified\":\"2024-05-06T22:01:02+00:00\",\"description\":\"Y\u00fck pet in\u015faat asfalt \u015firketi bit\u00fcm nakli , asfalt serme, fuel-oil nakli, yol yap\u0131m, bak\u0131m onar\u0131m alanlar\u0131nda hizmet veren ba\u015far\u0131l\u0131 firmad\u0131r.\",\"inLanguage\":\"tr\",\"potentialAction\":[{\"@type\":\"ReadAction\",\"target\":[\"https:\/\/yukpet.net\/\"]}]},{\"@type\":\"WebSite\",\"@id\":\"https:\/\/yukpet.net\/#website\",\"url\":\"https:\/\/yukpet.net\/\",\"name\":\"Y\u00fckpet\",\"description\":\"\u0130n\u015faat, Asfalt, Nakliyat, Taahh\u00fct ve Ticaret Limited \u015eirketi.\",\"publisher\":{\"@id\":\"https:\/\/yukpet.net\/#organization\"},\"potentialAction\":[{\"@type\":\"SearchAction\",\"target\":{\"@type\":\"EntryPoint\",\"urlTemplate\":\"https:\/\/yukpet.net\/?s={search_term_string}\"},\"query-input\":{\"@type\":\"PropertyValueSpecification\",\"valueRequired\":true,\"valueName\":\"search_term_string\"}}],\"inLanguage\":\"tr\"},{\"@type\":\"Organization\",\"@id\":\"https:\/\/yukpet.net\/#organization\",\"name\":\"Y\u00fckpet asfalt in\u015faat\",\"url\":\"https:\/\/yukpet.net\/\",\"logo\":{\"@type\":\"ImageObject\",\"inLanguage\":\"tr\",\"@id\":\"https:\/\/yukpet.net\/#\/schema\/logo\/image\/\",\"url\":\"https:\/\/yukpet.net\/wp-content\/uploads\/2024\/02\/b.png\",\"contentUrl\":\"https:\/\/yukpet.net\/wp-content\/uploads\/2024\/02\/b.png\",\"width\":1280,\"height\":611,\"caption\":\"Y\u00fckpet asfalt in\u015faat\"},\"image\":{\"@id\":\"https:\/\/yukpet.net\/#\/schema\/logo\/image\/\"}}]}<\/script>\n<!-- \/ Yoast SEO plugin. -->","yoast_head_json":{"title":"Y\u00dcK PET \u0130n\u015faat - Y\u00fckpet","description":"Y\u00fck pet in\u015faat asfalt \u015firketi bit\u00fcm nakli , asfalt serme, fuel-oil nakli, yol yap\u0131m, bak\u0131m onar\u0131m alanlar\u0131nda hizmet veren ba\u015far\u0131l\u0131 firmad\u0131r.","robots":{"index":"index","follow":"follow","max-snippet":"max-snippet:-1","max-image-preview":"max-image-preview:large","max-video-preview":"max-video-preview:-1"},"canonical":"https:\/\/yukpet.net\/","og_locale":"tr_TR","og_type":"article","og_title":"Y\u00dcK PET \u0130n\u015faat - Y\u00fckpet","og_description":"Y\u00fck pet in\u015faat asfalt \u015firketi bit\u00fcm nakli , asfalt serme, fuel-oil nakli, yol yap\u0131m, bak\u0131m onar\u0131m alanlar\u0131nda hizmet veren ba\u015far\u0131l\u0131 firmad\u0131r.","og_url":"https:\/\/yukpet.net\/","og_site_name":"Y\u00fckpet","article_modified_time":"2024-05-06T22:01:02+00:00","twitter_card":"summary_large_image","twitter_misc":{"Tahmini okuma s\u00fcresi":"2 dakika"},"schema":{"@context":"https:\/\/schema.org","@graph":[{"@type":"WebPage","@id":"https:\/\/yukpet.net\/","url":"https:\/\/yukpet.net\/","name":"Y\u00dcK PET \u0130n\u015faat - Y\u00fckpet","isPartOf":{"@id":"https:\/\/yukpet.net\/#website"},"datePublished":"2024-03-11T12:00:26+00:00","dateModified":"2024-05-06T22:01:02+00:00","description":"Y\u00fck pet in\u015faat asfalt \u015firketi bit\u00fcm nakli , asfalt serme, fuel-oil nakli, yol yap\u0131m, bak\u0131m onar\u0131m alanlar\u0131nda hizmet veren ba\u015far\u0131l\u0131 firmad\u0131r.","inLanguage":"tr","potentialAction":[{"@type":"ReadAction","target":["https:\/\/yukpet.net\/"]}]},{"@type":"WebSite","@id":"https:\/\/yukpet.net\/#website","url":"https:\/\/yukpet.net\/","name":"Y\u00fckpet","description":"\u0130n\u015faat, Asfalt, Nakliyat, Taahh\u00fct ve Ticaret Limited \u015eirketi.","publisher":{"@id":"https:\/\/yukpet.net\/#organization"},"potentialAction":[{"@type":"SearchAction","target":{"@type":"EntryPoint","urlTemplate":"https:\/\/yukpet.net\/?s={search_term_string}"},"query-input":{"@type":"PropertyValueSpecification","valueRequired":true,"valueName":"search_term_string"}}],"inLanguage":"tr"},{"@type":"Organization","@id":"https:\/\/yukpet.net\/#organization","name":"Y\u00fckpet asfalt in\u015faat","url":"https:\/\/yukpet.net\/","logo":{"@type":"ImageObject","inLanguage":"tr","@id":"https:\/\/yukpet.net\/#\/schema\/logo\/image\/","url":"https:\/\/yukpet.net\/wp-content\/uploads\/2024\/02\/b.png","contentUrl":"https:\/\/yukpet.net\/wp-content\/uploads\/2024\/02\/b.png","width":1280,"height":611,"caption":"Y\u00fckpet asfalt in\u015faat"},"image":{"@id":"https:\/\/yukpet.net\/#\/schema\/logo\/image\/"}}]}},"_links":{"self":[{"href":"https:\/\/yukpet.net\/index.php\/wp-json\/wp\/v2\/pages\/1908","targetHints":{"allow":["GET"]}}],"collection":[{"href":"https:\/\/yukpet.net\/index.php\/wp-json\/wp\/v2\/pages"}],"about":[{"href":"https:\/\/yukpet.net\/index.php\/wp-json\/wp\/v2\/types\/page"}],"author":[{"embeddable":true,"href":"https:\/\/yukpet.net\/index.php\/wp-json\/wp\/v2\/users\/1"}],"replies":[{"embeddable":true,"href":"https:\/\/yukpet.net\/index.php\/wp-json\/wp\/v2\/comments?post=1908"}],"version-history":[{"count":155,"href":"https:\/\/yukpet.net\/index.php\/wp-json\/wp\/v2\/pages\/1908\/revisions"}],"predecessor-version":[{"id":2836,"href":"https:\/\/yukpet.net\/index.php\/wp-json\/wp\/v2\/pages\/1908\/revisions\/2836"}],"wp:attachment":[{"href":"https:\/\/yukpet.net\/index.php\/wp-json\/wp\/v2\/media?parent=1908"}],"curies":[{"name":"wp","href":"https:\/\/api.w.org\/{rel}","templated":true}]}}